mmon divisor of i and 20.
20
Let o = 29 + -29. Suppose -12 + o = 4*x, 0 = -m - 2*x + 44. Calculate the greatest common factor of m and 10.
10
Let y be 14/(-1)*(-6)/2. Let f be ((-25)/(-10) + -2)*(5 - -1). Let u be ((-42)/(-30))/(f/30). What is the greatest common factor of u and y?
14
Let t(p) be the third derivative of 31*p**4/24 + p**3 - 2*p**2. Let a be t(3). What is the greatest common divisor of 9 and a?
9
Suppose 0*m + 28 = m. Suppose -20*n + 15*n = -20. What is the highest common divisor of m and n?
4
Suppose -257*w = -254*w - 1152. What is the greatest common divisor of 6 and w?
6
Let n = 218 + -113. What is the greatest common factor of n and 126?
21
Let c(v) = v**2 + 2*v. Let u be c(-5). Let j = 641 + -521. Calculate the highest common divisor of u and j.
15
Let h be (4/(-6))/(4/(-6)). Let d(y) = -y**2 + 7*y + 14. Let l be d(8). Suppose l*p = 4*p + 8. What is the highest common divisor of h and p?
1
Let t(i) = -38*i + 1. Let n be t(-2). Let a = -43 + n. Suppose -165 = -3*c - d - 2*d, 192 = 4*c - 3*d. What is the greatest common divisor of c and a?
17
Suppose -2*j = -2*t - 22 - 0, 4*j - 2*t - 34 = 0. Let a be ((-2)/(-4))/((-1)/(-6)). Calculate the highest common divisor of j and a.
3
Let f(l) = 2*l**3 + 6*l**2 + 4*l - 3. Let r be f(-3). Let c be ((-10)/r - 3/(-9)) + 163. What is the highest common divisor of 41 and c?
41
Let s(m) = m**3 - 7*m**2 + 6*m. Let f be s(8). Suppose -5*q = n - 73, q + 3*n = 4*n + 11. What is the greatest common factor of f and q?
14
Let p = 125 - 85. Calculate the highest common factor of 10 and p.
10
Let c be 4/(-6)*-1*9/(-6). Let g be ((-64)/(-24))/(c/(-15)). Calculate the highest common factor of g and 280.
40
Suppose -55*f = -3*m - 59*f + 172, 4*m = 4*f + 192. What is the highest common factor of m and 1508?
52
Suppose -3*a + 1547 = -2*n, 8*n - 3*n = -5. What is the greatest common divisor of a and 309?
103
Let z(d) = -36*d**2 - d + 1. Let s be z(-1). Let g be (-12)/3 - -9 - s. Calculate the greatest common factor of g and 3.
3
Let t = -757 - -838. What is the highest common factor of t and 81?
81
Suppose 0 = 2*t - 4*y - 32, -6*y - 47 = -2*t - 5*y. What is the highest common divisor of 3133 and t?
13
Let b(u) = 2*u**2 - 2. Let n be b(2). Let q be 2 + n + (-4 - -3). Let i(d) = d**2 + 9*d - 15. Let l be i(-11). What is the greatest common divisor of q and l?
7
Suppose 0 = 3*k + 65 - 125. Calculate the highest common factor of 60 and k.
20
Suppose 12 = -4*o, 0*o - 479 = -2*y - 3*o. Let i = 552 - y. What is the highest common factor of 28 and i?
28
Suppose -x = -p - 30, 0*x + x + 5*p = 24. Suppose x - 191 = 3*f. Let z be ((-63)/f)/((-1)/(-6)). What is the highest common factor of z and 28?
7
Let v = -332 + 359. Calculate the greatest common divisor of 117 and v.
9
Let h be -2*(-3 + (-15)/(-10)). Suppose -5*u = -h*g - 954, -4*u + g + 399 = -360. Calculate the highest common factor of u and 27.
27
Let c be (3/(-2))/(4 - 575/140). Let a be 842/4 - c/28. Calculate the highest common divisor of 30 and a.
30
Let f be -2 - (5 + (1 - 3)). Let o be (4/f)/(4/(-10)). Let m(h) = -h**2 - 62*h - 947. Let a be m(-33). Calculate the greatest common divisor of a and o.
2
Suppose 0 = -t + 2*t - 3*o + 6, -2*o = -10. Suppose 0 = -t*y + 19 + 233. What is the highest common divisor of y and 7?
7
Suppose 5*k = -3*f + 480, 0 = -3*k - 0*f + 2*f + 288. Suppose -15*c + k = c. What is the highest common factor of c and 72?
6
Let x(z) = -z**3 + 6*z**2 + 8*z - 57. Let c be x(5). Calculate the greatest common divisor of c and 28.
4
Let p = -140 + 185. Let w(n) = n**3 - 3*n**2 - 4*n - 1. Let b be w(5). Let t be b + -1 - -1 - -1. Calculate the greatest common divisor of t and p.
15
Suppose 4*w - 2*c = -874, -w + c + c - 217 = 0. Let f = w + 321. What is the greatest common divisor of f and 68?
34
Let f be (123/82)/((27/204)/3). Let n(t) = 68*t**2 + t + 1. Let k be n(-1). What is the highest common divisor of f and k?
34
Suppose 5 = -4*l - 11, -q = -5*l - 23. Suppose 2*r = q*r. Suppose 2*h - 5*n + n = 20, 3*h + 5*n - 41 = r. What is the greatest common divisor of 24 and h?
12
Let q = 47 + -23. Calculate the greatest common divisor of q and 16.
8
Let z be (-4)/6*(-60 - -24). What is the highest common divisor of 132 and z?
12
Let c(g) = 80*g + 243. Let n be c(-3). What is the greatest common divisor of 5 and n?
1
Let n(d) = -4*d + 1. Let y be n(4). Let a be y/5 - 12/(-2). Let l be (20/(-16) + a)*4. Calculate the highest common divisor of 35 and l.
7
Let r(g) = -19 - 4 - 3*g + 4 + 4. Let c be r(-6). Let j be 93 - (1 + -3) - c. What is the highest common factor of j and 23?
23
Suppose 64*t - 31*t = 2970. Calculate the highest common factor of 240 and t.
30
Suppose q - 4*t = 5, 70 = 8*q - 5*q - t. What is the greatest common factor of 80 and q?
5
Let m(k) = 6*k**2 - 20*k + 42. Let v be m(2). Calculate the highest common divisor of v and 91.
13
Suppose 34*u + 2940 = 46*u. Calculate the greatest common factor of 147 and u.
49
Let o(z) = z + 223. Let w be o(-6). Calculate the greatest common factor of w and 7.
7
Let c be ((-13)/4)/((-24)/96). Suppose 11 = z - c. What is the highest common divisor of z and 36?
12
Suppose -2910 = -8*h - 750. Calculate the greatest common factor of h and 30.
30
Let s = -39 + 47. Let r be 130/s + 6/(-24). Calculate the highest common divisor of r and 16.
16
Let r be (3 - (2 + -3))/(8/(-20)). Suppose 0*v + 48 = -2*v. Let k be (15/r)/(4/v). Calculate the greatest common divisor of 27 and k.
9
Let y = 745 + 594. What is the highest common factor of 26 and y?
13
Suppose -32 = -3*z + s, -8 = 2*z + 5*s - 35. Calculate the highest common factor of z and 242.
11
Suppose 0 = -5*n - 4*n - 36. Let x = 24 - n. What is the greatest common divisor of x and 4?
4
Let i(n) = -6*n + 138. Let f be i(-22). Calculate the highest common divisor of 6 and f.
6
Let i(r) = 5*r**2 + 27*r + 84. Let n be i(-3). Calculate the greatest common divisor of 96 and n.
48
Let u(f) = 2*f**2 + 7*f - 9. Let x be u(6). Suppose -4*k + x = -k. Let a = k + -5. What is the highest common divisor of a and 6?
6
Let x(y) = 5*y**3 - 4*y**2 - 4*y + 2. Let u be x(2). What is the highest common divisor of 450 and u?
18
Suppose 20*t = -40 + 280. Calculate the highest common factor of 72 and t.
12
Suppose 0 = 3*g - r + 214, -5*r = g - 5*g - 278. Let q be (2/2 - g) + 4. What is the greatest common factor of 22 and q?
11
Suppose -2*z - 8 = 3*u + 3, 2*z = -u - 5. Let n be u/18 + 425/30. What is the highest common divisor of n and 70?
14
Let g(w) be the second derivative of -w**5/20 + 2*w**2 - 5*w. Let k be g(0). Let y be 21/2*(k + 0). What is the greatest common divisor of 21 and y?
21
Let b = 558 + 72. What is the greatest common divisor of b and 70?
70
Let y(h) = -2*h - 5. Let g be y(5). Let t be ((-68)/5)/(6/g). Suppose -5*w - 4*d = -101, 4*d - 60 = -3*w + 7. What is the greatest common divisor of w and t?
17
Suppose -51*f + 7899 - 861 = 0. What is the greatest common factor of f and 12?
6
Let g = 541 + 48. Calculate the highest common divisor of 19 and g.
19
Suppose -4*s - 921 = -1441. What is the greatest common factor of s and 26?
26
Let g be ((10/(-6))/5)/(6/36). Let z(d) = -2*d + 3*d + 3*d**2 + 0*d**2. Let y be z(g). What is the highest common divisor of y and 10?
10
Suppose -8*p - 195 = -11*p - 3*u, 4*p - 5*u - 305 = 0. What is the greatest common divisor of p and 1750?
70
Let r be ((-2)/(-6))/(2/114). Suppose -3*f = 3*y - 18, y = f + 3*f - r. Let x be (68 + y)/((-9)/(-12)). Calculate the highest common divisor of 23 and x.
23
Let b(f) = -2*f + 18. Let p be b(-6). Let x = -8 + p. What is the greatest common factor of 11 and x?
11
Suppose -4*u + x = -1609, -5*x - 3 = -6*x. Calculate the greatest common divisor of u and 31.
31
Suppose 9*v - 5*v - 2*g = 22, 4*v = -8*g + 32. What is the greatest common factor of 78 and v?
6
Suppose 5*l - 2*q = -3*q + 441, 2*q + 438 = 5*l. Suppose -4*m + 796 = 268. What is the greatest common factor of l and m?
44
Suppose 3*k - 3*w - 54 = 0, -k + 3*w = -0*k - 18. What is the highest common factor of k and 135?
9
Let i = -338 + 373. What is the highest common divisor of 280 and i?
35
Suppose -5*m = 20, -5*l + 3*m + 364 = 2*m. Suppose 7*z - 4*z + 21 = k, 2*z = 2. Calculate the highest common factor of l and k.
24
Suppose 9 = -5*y + 29.